e -606 = -3*f + 573. Suppose t + 4*t = d - 101, 3*d + 3*t = f. What is the highest common divisor of d and 18?
18
Let x = -22 - -36. What is the highest common factor of 70 and x?
14
Suppose 22 = -5*r - 3. Let h = -4 - r. Let v be (h + 0)*(-4)/(-4). What is the highest common divisor of v and 1?
1
Suppose 3*x - 24 = -d, 2*d + 2*d - 3*x = 171. Let s = -55 + d. Let t = s - -29. What is the highest common divisor of t and 143?
13
Let c = 180 - -59. Let u = 379 - c. What is the greatest common factor of u and 14?
14
Suppose 0*f = -5*p + f + 1046, -3*p - 4*f + 623 = 0. What is the greatest common divisor of 19 and p?
19
Suppose u - 62 = -3*f - u, 0 = -2*f + u + 46. What is the greatest common factor of 176 and f?
22
Let f(j) = j**3 - 15*j**2 + j - 5. Let x be f(15). Calculate the highest common factor of x and 20.
10
Let x = -4 - -6. Suppose m + m + 34 = 3*f, 2*f - 36 = 4*m. What is the greatest common factor of x and f?
2
Let w = 564 + -389. Suppose -4*c = -2*p + 34, 27 + 61 = 4*p - 3*c. Calculate the greatest common factor of w and p.
25
Let j(n) = -n + 4. Suppose -5*x + z = 4, -4*z + 6 = -2*x - 10. Let u be j(x). What is the highest common divisor of u and 24?
4
Let l(z) = z**3 - 3*z**2 + z - 2. Let g be l(3). Let j = -1 + 9. What is the highest common divisor of j and g?
1
Let s = 75 + -31. Let g = s - -36. Calculate the greatest common factor of 20 and g.
20
Suppose 5*l + 2*m = 461 + 250, -3*m - 721 = -5*l. What is the greatest common divisor of l and 13?
13
Let p(f) = 12*f - 3. Let y be p(3). Let r(o) = o. Let d be r(3). Suppose 0 = 2*g - 3*b - 28, 5 = -4*b - d. What is the highest common divisor of g and y?
11
Suppose -5*o + 1362 = -28. Suppose -4*p = -10 - o. Calculate the highest common factor of 8 and p.
8
Suppose 4*h + c = 46, h - c - 20 = -h. Calculate the highest common divisor of 209 and h.
11
Let v(s) = -19*s + 19. Let a be v(-9). What is the greatest common factor of 38 and a?
38
Let w be (0 + 3/1)*1. Let x be (1/w)/((-3)/(-27)). Suppose 3*p - d - 69 = -p, -x*p + 68 = -4*d. Calculate the greatest common divisor of 48 and p.
16
Let m = -12 - -9. Let b be (-39)/(-12) + m/(-4). What is the greatest common divisor of b and 28?
4
Suppose -2*y - 4*i = -18, 0 = 5*y - 0*y - 3*i - 19. Calculate the highest common divisor of 5 and y.
5
Let k = -191 - -221. Suppose 5*h - 347 = 28. What is the highest common divisor of h and k?
15
Let u be (-3)/6 + 101/2. Let p = 74 - u. Suppose -n + 35 = 5*v, -v - 2*n = -2*v - 4. What is the greatest common factor of v and p?
6
Let f = -1 + 17. Suppose 4*v + v - 20 = 0. What is the greatest common factor of f and v?
4
Suppose -249 - 171 = -5*d. Suppose -5*u + 224 = -u. What is the highest common divisor of u and d?
28
Let t be 1*(-2 - -3) - 15. Let v = t + 80. What is the greatest common divisor of v and 22?
22
Let u be (13 + 2)*(-1)/(-3). Suppose 283 = u*j + 63. What is the greatest common factor of j and 4?
4
Let g(v) = -v**2 - v + 10. Let d be g(0). What is the highest common divisor of 10 and d?
10
Suppose 6*z - 8 = 2*z. Suppose -3*s + 255 = 2*s + 2*u, 0 = z*s + 3*u - 113. Suppose 0 = 2*o, -2*o = d + d - 14. What is the highest common divisor of s and d?
7
Let b(a) = 0*a**3 + 3*a - a + a**3 + 5*a**2. Let l be b(-2). Let m = 1 + l. What is the highest common factor of m and 18?
9
Suppose -8*w + 3*w + 2*v = -63, 2*w - 22 = 4*v. Let s(g) = -5 + 42*g**2 - g + 5*g - 40*g**2. Let t be s(-8). What is the highest common divisor of t and w?
13
Suppose -4*r - 5 = -25. Suppose -r = -8*f + 3*f. What is the highest common divisor of f and 11?
1
Let k(r) = 11*r**2 + 2*r + 2. Let u be k(-2). Let j = -7 + 10. Let v be 16/2*j/4. Calculate the greatest common divisor of v and u.
6
Suppose 4*h = 5 + 15. Suppose -7*v = -h*v - 28. What is the greatest common factor of 56 and v?
14
Let k(z) = -4 + 2 - 5*z + 1. Let i be k(1). Let w(m) = m**3 + 8*m**2 + 3*m + 6. Let x be w(i). What is the highest common divisor of x and 6?
6
Let n = 0 + 1. Let z = -1 + n. Suppose -2*t + 3*t - 62 = 3*q, z = -5*t - 2*q + 395. What is the greatest common divisor of t and 11?
11
Suppose 5*g - 3 - 5 = 4*t, -2 = 2*t - 2*g. Let n(f) = 2*f**2 + 7*f + 15. Let u be n(-5). Calculate the highest common factor of u and t.
3
Let b = -27 + 47. Calculate the highest common divisor of b and 8.
4
Let v(p) = 3*p - 12. Let k be v(9). Suppose a + 5 = 3, 0 = -5*c - a + 48. Calculate the greatest common divisor of c and k.
5
Suppose 3*a + 2*a - 5 = 0. Suppose -37 = 5*s - 202. Suppose 5*b - s + 8 = 0. What is the highest common divisor of a and b?
1
Let y be (-36)/(-30)*(-15)/(-2). Let h(j) = -6*j - 1. Let m be h(-5). Suppose 5*b + m = 2*g, 74 = 2*g + b + 3*b. Calculate the highest common factor of g and y.
9
Let n = -11 + 9. Let o be 31 + -8 + 6 + n. What is the greatest common factor of o and 18?
9
Suppose 0 = -4*n + 2*n - 3*d + 12, 0 = -4*n + 2*d + 8. Suppose o - 84 = -n*o. Calculate the highest common factor of o and 3.
3
Let g = -11 + 23. Let c be g + -5 - (-2)/(-1). Calculate the greatest common divisor of c and 20.
5
Suppose 1 = -2*u + 4*j + 9, -2 = 2*j. Let y be (2/(-4))/(u/(-76)). What is the greatest common divisor of y and 19?
19
Let o = -3 + 14. Suppose -5*a = 1 - o. Let d = 18 + -17. Calculate the highest common factor of d and a.
1
Let a = 19 - -7. Let d(n) = 51*n**3 + 2*n**2 - n. Let c be d(1). What is the greatest common divisor of c and a?
26
Suppose -20 = -4*y + 3*y - 4*g, -2*g = -4*y + 8. Suppose -2*v - 18 = -y*v. Calculate the highest common factor of v and 3.
3
Suppose 5*c - 5*r = -0*r + 1165, 5*r - 221 = -c. What is the highest common factor of c and 33?
33
Suppose -17 = -5*p + 8. Suppose p*l - 16 = 3*l. What is the greatest common factor of l and 4?
4
Let a be 3/6*(0 + 0). Let w be (-2)/((-1)/(21/(-6))). Let s = a - w. What is the greatest common divisor of 35 and s?
7
Let w be (-132)/(-36) - (-4)/(-6). Let a(b) = b - 3. Let k be a(6). Calculate the greatest common divisor of k and w.
3
Suppose m - 476 = -4*u, 4*u - 2*m - 476 = -4*m. Suppose -2*r = 3*r - 85. What is the greatest common factor of r and u?
17
Let y = -4 - 4. Let q(k) = k**2 + 7*k + 4. Let t be q(y). Calculate the highest common divisor of 12 and t.
12
Let q(y) be the third derivative of 0*y**4 + 0 - 1/15*y**6 + 0*y**5 + 0*y - 1/6*y**3 + y**2. Let o be q(-1). What is the highest common divisor of o and 21?
7
Let m(i) = 2*i**2 + 3*i**2 + i + 3 - 7*i - 6*i**2. Let d be m(-6). Calculate the greatest common divisor of 33 and d.
3
Let o be ((-16)/10)/(4/(-50)). What is the greatest common divisor of 40 and o?
20
Let h(b) = -b + 60. Let w be h(0). Let o = -11 - -11. Suppose 3*y + u - 40 = 0, -4*y + 3*y + 2*u + 4 = o. Calculate the highest common factor of y and w.
12
Suppose -5*r = -76 + 16. Let a be (-1 + 2)*5*1. Suppose 2*i - q - 50 = 27, a*i = 5*q + 205. Calculate the highest common factor of i and r.
12
Suppose -29 = 3*k - 50. What is the highest common divisor of k and 49?
7
Let r(u) = u**3 - 8*u**2 + 9*u. Let s be r(7). Let v be 4/(-10) - (-424)/10. What is the highest common divisor of s and v?
14
Let h = 32 + -20. Let w be -36*-2*(-4)/(-6). What is the greatest common divisor of h and w?
12
Let z(f) = f**2 - f + 21. Let l be z(7). What is the highest common factor of 9 and l?
9
Let r = 49 - 34. What is the greatest common factor of r and 5?
5
Suppose 4*j + 3 - 19 = 0. Suppose -j*a = -5*y + a + 850, 0 = -2*a + 2. What is the greatest common divisor of 19 and y?
19
Let v be 45 - (55/(-15) + (-2)/(-3)). What is the greatest common divisor of 16 and v?
16
Let z = 1 - -1. Suppose 0 = a - z - 0. Suppose -4*b = -3*h - 25, -2*b = 3*b + a*h - 37. What is the highest common divisor of 49 and b?
7
Let u(v) = v + 6. Let s be u(-4). Suppose -j + 21 = s*j. Let f be -1 - -3 - (-861)/j. What is the highest common factor of 50 and f?
25
Let n(j) = j + 15. Let v be n(6). What is the highest common factor of v and 231?
21
Let w = -16 - -24. Calculate the greatest common divisor of 72 and w.
8
Suppose 3*j = -2*j + 15. Let v = 9 + -6. Suppose 3*q = -4*w + 17, v*w = -j*q + 2*q + 4. Calculate the highest common factor of q and 21.
7
Let s = -4 - -6. Let v(c) be the second derivative of -c**3/6 - 3*c**2/2 - c. Let d be v(-6). What is the highest common factor of d and s?
1
Suppose 26*y + 220 = 30*y. 